) - (-92)/(-20). Let i be t/((-5)/3) + -1. Suppose -i*o - 3 = -9. Calculate the highest common factor of o and 15.
3
Let u(c) = -26*c**2. Let z be u(-1). Let s be (-3)/(-2 - -8)*z. Let f = 152 + -48. Calculate the highest common divisor of f and s.
13
Suppose 13*v - 36 = 55. Let o = -103 - -180. Calculate the highest common divisor of o and v.
7
Let n = 416 + -192. Suppose 0*l - 4*l + n = 0. Let i = -4 + 11. Calculate the greatest common divisor of i and l.
7
Let p(i) = -i**2 - 8*i - 3. Let k be p(-6). Suppose -5*z + 25 = 5*o, -o + 16 = 3*o + 5*z. Suppose j - o = -0*j. Calculate the greatest common factor of j and k.
9
Let d = -11 + 27. Suppose -9 = -3*s - 4*j + d, 2*j - 17 = -3*s. Suppose 2*i = -y + 26, 63 = 5*y - 2*y + s*i. What is the greatest common divisor of y and 176?
16
Let k(r) = -41*r - 2. Let z be (-1 - (1 - 3))*-1. Let d be k(z). What is the greatest common factor of 13 and d?
13
Let j be (-6)/5*(-10)/4. Suppose -5*a + j = -2. Let g be 1/1 + a*6. What is the greatest common divisor of 14 and g?
7
Let l = 1 + 16. Suppose 15 = 4*x - l. Suppose -3*v + v = -8. Calculate the greatest common divisor of x and v.
4
Let n(w) = 29*w**2 + 3*w + 2. Let t be n(-1). Calculate the highest common divisor of 42 and t.
14
Suppose -3*o = -2*p + 104 + 50, -2*o = 4*p + 108. Let d = o + 127. What is the highest common divisor of d and 15?
15
Suppose x + 3*x = 0. Suppose 2*t + l = x, 16 = -5*l + 36. Let o = t - -7. Calculate the highest common divisor of o and 10.
5
Let m = 50 + 8. Calculate the highest common divisor of 145 and m.
29
Suppose -80 - 44 = -2*x. Calculate the highest common divisor of x and 93.
31
Let u(j) = j**2 + j + 8. Let c be u(0). Suppose -2*v + 21 = v. Let w(n) = -n**3 + 7*n**2 + n + 9. Let i be w(v). What is the greatest common divisor of c and i?
8
Suppose -o - 3 = -4*o. Let s be 48*2/(o - -3). What is the greatest common divisor of s and 264?
24
Let z = 5 + 7. Let g be 2*(-3)/12 - 5/(-2). What is the highest common divisor of z and g?
2
Let x = 14 + -5. Let l be 18*-3*(-2)/4. Calculate the greatest common divisor of x and l.
9
Let s be (5 - (1 + 2)) + (18 - 3). Calculate the highest common divisor of s and 153.
17
Suppose 0 = 5*s + 15, 7 = -0*j + 4*j - s. Let u(p) = 19*p**3 + p**2 - p. Let f be u(j). Calculate the highest common divisor of f and 38.
19
Let w(j) = j**2 - 5*j - 4. Let i be w(6). Let r be ((-8)/6)/(i/(-90)). Let n(y) = -3*y**3. Let h be n(-2). Calculate the highest common divisor of r and h.
12
Let k be -9*-2*(-1)/(-6). Suppose -k*i - 3*j + 43 = 10, 16 = 4*j. Calculate the greatest common divisor of i and 63.
7
Let j(h) = h**3 + 17*h**2 + 4*h - 12. Let z(w) = -6*w**2 - w + 4. Let p(b) = 2*j(b) + 7*z(b). Let r be p(6). Calculate the highest common divisor of r and 22.
22
Let i be 2 + 1*(7 - -2). Suppose -x = -0*x - 91. Let q = -14 + x. Calculate the highest common factor of q and i.
11
Suppose 3*n - 2*n - 52 = -4*w, 0 = -2*n - w + 111. What is the highest common divisor of n and 7?
7
Let p be -6*(-15)/(-10)*-1. What is the highest common factor of 12 and p?
3
Let r = 46 + -1. What is the greatest common factor of r and 225?
45
Suppose -9*z = -4*z - 15. Let y = 12 + -6. Suppose -3*t - 45 = -y*t. What is the greatest common divisor of t and z?
3
Let m = -53 - -107. Calculate the highest common divisor of 81 and m.
27
Let p(w) be the first derivative of -w**4/4 + 8*w**3/3 + 9*w**2/2 + 3*w + 2. Let k be p(7). What is the greatest common factor of k and 23?
23
Let w(r) = -22*r + 1. Let f be w(-2). Let v be 144/(-3) - (-1 + -2). Let p be (v/6)/(1/(-2)). Calculate the highest common divisor of p and f.
15
Let u be 3 - 4 - -9 - -3. Calculate the greatest common divisor of 99 and u.
11
Suppose -a = -6 - 3. Let o(f) = 2*f**2 - 1 - 13*f - 1 - 1. Let h be o(a). What is the highest common factor of h and 6?
6
Let c(n) = n**2 + 4*n - 2. Let b be c(-5). Let x be 2 + b + -5 + 11. Calculate the highest common factor of x and 22.
11
Suppose 4*z + q + 3 = 24, 5*z - 21 = 4*q. Let l be 4/14*(z - -2). Calculate the highest common factor of 18 and l.
2
Let t be 32/48 - (-142)/3. Let l = t - 33. What is the greatest common factor of l and 15?
15
Let y = 17 - 2. Suppose 0 = 5*r + 5 - y. Suppose 0 = -t + r*t - 6. What is the highest common divisor of 9 and t?
3
Suppose 2*j - 4*g = -g - 69, 4*j - 5*g = -139. Let w = j + 50. What is the greatest common divisor of 35 and w?
7
Suppose -g - 2*g = -309. Let c = g + -40. What is the greatest common factor of c and 7?
7
Let v = 120 - 82. What is the highest common factor of 95 and v?
19
Let b be (-5)/((-20)/(-136))*3/(-3). What is the greatest common factor of 51 and b?
17
Suppose 5*w - 35 = g, 44 = 4*w - 4*g - 0*g. What is the highest common factor of w and 30?
6
Suppose 4*v + 23 - 623 = 0. Suppose 5*b - 3*n = 2*n + v, -96 = -3*b + 5*n. What is the highest common divisor of b and 3?
3
Let w = 20 + -12. Let u(s) = -2*s + 11. Let z be u(w). Let b(h) = -h**2 - 7*h + 2. Let v be b(z). Calculate the highest common factor of 96 and v.
12
Let d(a) = 6*a. Let b be d(2). Let o be 0/(0/1 - -1). Let x = b + o. What is the greatest common factor of x and 8?
4
Suppose -5*k + 3*l + 9 = 0, -4*l = 2*k - 2*l - 10. Calculate the highest common factor of 21 and k.
3
Suppose -2*v - 8 = -38. Calculate the highest common factor of v and 6.
3
Let g be 2/11 - 6/33. Suppose -2*b + b + 11 = g. Calculate the greatest common factor of 88 and b.
11
Let u(h) = 7*h + 6. Let n be u(7). Suppose 3*q + 6 = 3*m, 4*m + 4*q = 2*q + 2. Let c be m/(1/33*3). Calculate the highest common factor of n and c.
11
Let h(v) = -v**2 + 5*v. Let n be h(4). Let y be (-35)/(-20) + 1/n. Suppose y*r - 30 = -r. Calculate the highest common factor of 20 and r.
10
Let g(w) = w**3 - 17*w**2 + 16*w + 20. Let a be g(16). What is the greatest common divisor of 220 and a?
20
Let m(i) = 10*i**2 + 4*i - 3. Let p be m(2). What is the highest common factor of 27 and p?
9
Let j be (-5 - 26/(-6))*(0 + -15). What is the greatest common divisor of j and 40?
10
Let o = -409 - -684. What is the greatest common factor of 25 and o?
25
Let m(w) = -12*w - 14. Let u be m(-2). What is the highest common factor of 110 and u?
10
Let d(h) = h**2 + 5*h + 3. Let p be d(-5). Suppose -4 = -p*c + 5. Let t be c - (-1 + 324/(-3)). Calculate the greatest common divisor of 14 and t.
14
Let u be -5*12/(-10)*-1. Let r(y) = -7 + 4 - 2*y + 1 - 5. Let o be r(u). What is the highest common factor of 20 and o?
5
Let f(u) = -u**2 + 9*u - 4. Let s be f(7). Suppose -3*j - s = 5, -p + 40 = -j. Suppose 72 = 6*n + 30. Calculate the highest common divisor of n and p.
7
Suppose -30*c = -29*c - 70. What is the greatest common divisor of 10 and c?
10
Suppose 0 = -4*r - 5*v + 250, -96 = -r + v - 38. What is the greatest common factor of 12 and r?
12
Let o = -58 + 78. Calculate the highest common divisor of 20 and o.
20
Let x(n) = n**2 - 3*n - 3. Let p be x(4). What is the greatest common divisor of p and 4?
1
Suppose -f - 56 = -3*f + 4*m, 0 = m + 2. Calculate the highest common factor of f and 3.
3
Let f(k) = k**3 + 2*k - 9. Let p be f(3). What is the greatest common factor of 40 and p?
8
Let b(x) = -3*x**3 - 2*x**2 + x + 1. Let l be b(-2). Suppose 0 = 3*i - i + 5*y - 1, 3*y = -l. Calculate the highest common factor of 26 and i.
13
Suppose -4*k - 2 = -290. Let d(u) = 2*u - 5. Let p be d(7). What is the highest common divisor of k and p?
9
Suppose b = 42 - 12. Calculate the greatest common factor of 3 and b.
3
Let l = -4 - -6. Let y = 17 - 9. What is the greatest common divisor of l and y?
2
Let f = -76 - -53. Let m = f + 32. Suppose -a + 1 = -m. What is the highest common divisor of a and 20?
10
Let n = 10 + -6. Suppose -4*d - 3*g = -0*g - 55, 0 = 4*d + n*g - 60. Suppose 8 = 4*x, 5 = -v + 6*x - x. What is the highest common factor of v and d?
5
Let p = -181 + 185. What is the highest common factor of p and 68?
4
Let b = 0 - -6. Let t(p) = p**2 + 2*p - 4. Let l be t(-4). Suppose -l*s - 3 = -7. What is the greatest common factor of b and s?
1
Let s(l) = 6*l**2 - l. Let y be s(1). What is the greatest common factor of y and 15?
5
Let h be (7/3)/((-17)/(-51)). Calculate the highest common divisor of 1 and h.
1
Let w(h) = -h**3 - 5*h**2 - 5*h - 2. Let z be w(-3). Let t be ((-24)/20)/(2/z). Let q be 631/5 - 